lculate the remainder when 82 is divided by a.
12
Suppose 9*z + 1551 = 20*z. What is the remainder when 171 is divided by z?
30
Let c(g) = 2*g**2 + 3*g + 4. Let z be c(0). Calculate the remainder when 306 is divided by 14/z*(7 + 5 + -10).
5
Let n = 10796 + -10622. What is the remainder when n is divided by ((-22)/(-6))/(1/6)?
20
Calculate the remainder when ((-508)/(-6))/(62/558) is divided by 111.
96
Let u be (-12*1)/(4 - (-24)/(-4)). Suppose -l + u = 4. Suppose l*a = 19 + 3. What is the remainder when 31 is divided by a?
9
Suppose -197*b = -194*b + 819. Let f = b - -335. What is the remainder when f is divided by 34?
28
Let n(q) = -15*q + 2. Let a be n(1). Let u = a - -8. Let w(o) = -2*o**2 - 17*o - 5. Calculate the remainder when w(u) is divided by 8.
6
What is the remainder when 4292 is divided by 8 + (-3 - (-68)/2)?
2
Let g(z) = 3200*z - 51155. What is the remainder when g(16) is divided by (-2 - 4)/(4/(-2))?
0
Suppose 429 = -805*m + 844*m. What is the remainder when 427 is divided by m?
9
Suppose 6*d = 6*c + 3*d - 5556, 4*d - 926 = -c. What is the remainder when c is divided by 103?
102
Let c = 681 + -522. What is the remainder when c is divided by 27?
24
Let a be -1*(0 + (5 - 6)). Let n be -1 - -4 - (110 + a). Let f = n - -119. What is the remainder when 76 is divided by f?
10
Let b(a) = 75*a**2 + 15*a + 29. Let g(m) = -17*m - 87. Let h be g(-5). Calculate the remainder when b(h) is divided by 15.
14
Let x(w) = -17*w**2 - 113*w - 5. What is the remainder when x(-4) is divided by 16?
15
Let b(z) = -z**3 + 19*z**2 - 35*z - 30. Let t be b(18). Let v = t - -344. What is the remainder when 22 is divided by v?
6
Suppose -2*a = s - 66, 4*a = -10*s + 13*s - 158. Suppose i = s - 39. Calculate the remainder when i is divided by 7.
5
Suppose -2*z + 3*z - 4 = 0. Suppose -152 = -4*y - 0*q - 3*q, 3*y - z*q = 89. What is the remainder when (26*1)/((-19)/(-76)) is divided by y?
34
Let y be ((-12)/(-15))/(6/(-240)). Let z be 1*4/(-1) + y. Calculate the remainder when 61 is divided by (z/8)/3*16/(-3).
5
Let u = 2154 + -1969. Calculate the remainder when u is divided by 62.
61
Let o = 24 + -25. Let x(v) = 403*v**2 + 2*v. What is the remainder when x(o) is divided by 67?
66
Let k(t) = -22*t + 40. Let c = 86 + -89. What is the remainder when k(c) is divided by 32?
10
Let b = 1118 + -908. Calculate the remainder when b is divided by 76.
58
Let b = 32 - 67. What is the remainder when (b/(-15))/7*123 is divided by 21?
20
Suppose 0 = 4*o - 8, 2*h + o + 8470 = 6*h. Suppose -3*l - i - 4*i = -h, -4*l - 3*i = -2813. What is the remainder when l is divided by 27?
26
Calculate the remainder when (6/4*-1)/((-60)/2880) is divided by 39.
33
Suppose 4622*i - 4625*i = -261. Calculate the remainder when i is divided by 55.
32
Suppose 3362*w - 3384*w = -17688. Calculate the remainder when w is divided by 160.
4
Suppose -6*w = 3*z - 5*w - 595, -5*z + 4*w + 1020 = 0. What is the remainder when z is divided by 12?
8
Let v be (-1)/(-4)*(12 - (9 - -3)). Suppose 60*b - 52*b - 72 = v. Calculate the remainder when 29 is divided by b.
2
Suppose -2*v + 9 = 3. Suppose -d + 95 = 2*r, -v*r + d + 2*d + 165 = 0. Calculate the remainder when r is divided by 18.
14
Suppose z - 3*a + 3 = 1, 5*a - 36 = -3*z. Suppose -40*h - h - 30176 = 0. Let v = h - -755. What is the remainder when v is divided by z?
5
Let y = -1566 + 2296. Calculate the remainder when y is divided by 49.
44
Suppose 2*i - 9 - 1 = 0. Calculate the remainder when (33 - 1) + (-20 - 4) is divided by i.
3
Suppose 140 = -121*a + 90*a + 326. Suppose -6 = x - 4*x. Suppose -3*u = -4*z - 2*u + 97, -x*z - 5*u + 21 = 0. What is the remainder when z is divided by a?
5
Let u(y) = -69 - 22*y - y**3 + 49 + 7*y**2 + 13*y**2. Let c be u(15). Suppose -6*i + i + c = 0. Calculate the remainder when i is divided by 40.
35
Suppose 2*f = 4*b - 155 - 69, 2*b - 568 = 5*f. Let r = 119 + f. Suppose -5*l + 15 = 0, -4*l = -r*j - 9*l + 225. What is the remainder when j is divided by 12?
6
Calculate the remainder when 5427 is divided by 1*(4 + 2)*(-9 + (-17 - -27)).
3
Let f be (-6)/(-9)*3 - -2. Let b(x) = -17*x - 3. Calculate the remainder when b(-5) is divided by 1/(f/204*3).
14
What is the remainder when -3 + 6780/(-5 + 17) is divided by 181?
19
Let o(j) be the third derivative of -7*j**4/24 + 37*j**3/6 + 45*j**2 - 1. Calculate the remainder when 293 is divided by o(0).
34
Suppose 2*z = -3*x - 3, 0 = -3*z + z + 3*x + 15. Let i(l) = 4*l - 2*l - 2 - z*l + 2*l. What is the remainder when 22 is divided by i(10)?
6
Suppose -325*d + 292*d + 1683 = 0. What is the remainder when 443 is divided by d?
35
Let a be (56/(-126))/((-2)/18). Suppose -5*h - 2*u + 558 = 0, -2*u + 4*u = a*h - 432. Calculate the remainder when h is divided by 19.
15
Suppose -4*x = -a + 2808, -2*x - 7836 = -5*a + 6222. Calculate the remainder when a is divided by 128.
124
Suppose 2*a = -4*m + 1496, -2*a - 48*m + 1478 = -50*m. What is the remainder when 178 is divided by (954/a)/(1/35)?
43
Calculate the remainder when 15 - 746/50 - (48146/(-50) - 2) is divided by 36.
29
Let m(b) = -46*b + 220. What is the remainder when m(-13) is divided by 82?
80
Suppose 89*s - 288 = 85*s + 4*o, 4*s = 5*o + 284. Calculate the remainder when s is divided by 37.
2
Let y = -7020 + 7094. Calculate the remainder when 85 is divided by y.
11
Let q = 1742 - 1275. Calculate the remainder when 2341 is divided by q.
6
Suppose 0 = -5*t + 2*t - m + 132, -2*t = -5*m - 105. What is the remainder when t is divided by 40/(3*65/78)?
13
Let p(m) = -m**2 + 22*m + 464. Let t(x) = -7*x + 6. Let c be t(-5). Let z = 67 - c. Calculate the remainder when z is divided by p(-13).
8
Suppose 15027*q - 15007*q - 14340 = 0. What is the remainder when q is divided by 189?
150
Let z = 12694 - 12649. What is the remainder when 304 is divided by z?
34
Suppose 3*k + 12 = s, -5*s + 5*k - 24 = -94. Suppose 22*i - 2*l = 20*i + 46, i - 5*l - s = 0. What is the remainder when 48 is divided by i?
23
Suppose 0 = -29*h + 25*h + 300. Suppose -b + h = 2. What is the remainder when b is divided by 19?
16
Let b(x) = 2*x**2 + 10*x + 4. Suppose 408 = 12*f + 96. What is the remainder when f is divided by b(-5)?
2
Let b(y) = 40 - 15 + 35 + 11 + 32 + 4*y. What is the remainder when 427 is divided by b(-16)?
37
Let z(j) = j**2 + 1206*j + 165. What is the remainder when z(0) is divided by 70?
25
What is the remainder when (1 - 0)/(25/11775) is divided by 119?
114
Suppose -3*w + i - 40 = 0, -3*i + 4 = 5*w + 52. Calculate the remainder when 34 is divided by (-2)/(4/10)*w/15.
2
What is the remainder when 8 + (63/(-6))/((-74)/2220) is divided by 26?
11
What is the remainder when 361 is divided by 28950/135 - (-4)/(-9)?
147
Let m(q) = -q + 11. Let z = 80 + -66. Suppose 13*b - z*b = -32. Calculate the remainder when b is divided by m(0).
10
Suppose -3233 = -17*l + 592. Calculate the remainder when l is divided by 41.
20
Suppose -q = -4*j - 366 + 221, 20 = -5*j. Calculate the remainder when 277 is divided by q.
19
Suppose -2*w + 4*a + 9340 = w, -a = -w + 3115. What is the remainder when w/64*(-2 + 4)*2 is divided by 49?
48
Let a(n) = 3*n**2 - 104*n - 712. Calculate the remainder when 4139 is divided by a(-6).
19
Let m(w) = 5*w**2 - 94*w - 104. Suppose -3*h - 42 = -2*q - 7, 4*h - 145 = -5*q. Calculate the remainder when q is divided by m(20).
9
Suppose 0 = -10*a + 3*a + 189. Suppose 2*b = -o + a, b = 4*o - 39 - 51. Calculate the remainder when 112 is divided by o.
20
Let v(y) = -1230*y - 2445. What is the remainder when 6967 is divided by v(-2)?
7
Suppose -5*y = -y - 3*z - 89, 3*y = 4*z + 65. Suppose y = -3*q + 4*q - 3*r, -4*r + 30 = q. What is the remainder when 1 - 27/21 - 3738/(-49) is divided by q?
24
Let l(t) = 17*t - 720. What is the remainder when 148 is divided by l(47)?
69
Let a = -35 - -35. Suppose 9*l - 6*l = -3*m + 108, a = l + 2*m - 35. What is the remainder when l is divided by (3 - 0)*28/6?
9
Let t(k) = k**3 - 18*k**2 + 39*k + 102. What is the remainder when 571 is divided by t(15)?
7
Let o be 4 + -1 - (-295 + -6). Let u = o + -271. Calculate the remainder when 47 is divided by u.
14
Suppose 4*u - 157*p - 3392 = -153*p, -2*p - 857 = -u. What is the remainder when u is divided by 173?
147
Let a = 13733 + -8998. Calculate the remainder when a is divided